{"id":291,"date":"2023-12-16T14:55:11","date_gmt":"2023-12-16T13:55:11","guid":{"rendered":"https:\/\/web-mf.eu\/peez\/?page_id=291"},"modified":"2023-12-16T23:42:11","modified_gmt":"2023-12-16T22:42:11","slug":"geschichte","status":"publish","type":"page","link":"https:\/\/web-mf.eu\/peez\/geschichte\/","title":{"rendered":"Geschichte"},"content":{"rendered":"<div  class='flex_column av-7tnvv-f03d1f1f36e84c21d488f6cb3e3fa554 av_one_full  avia-builder-el-0  avia-builder-el-no-sibling  first flex_column_div  '     ><section  class='av_textblock_section av-lq8n5jax-0e1884c11d617d105be2cfd9e8804d7c '   itemscope=\"itemscope\" itemtype=\"https:\/\/schema.org\/CreativeWork\" ><div class='avia_textblock'  itemprop=\"text\" ><h1 style=\"text-align: center;\">PeeZ e. V. und seine Geschichte<\/h1>\n<\/div><\/section><br \/>\n\n<style type=\"text\/css\" data-created_by=\"avia_inline_auto\" id=\"style-css-av-lq8fdg93-3f50a835e8849cb2064af63756b687ce\">\n.avia-timeline-container.av-lq8fdg93-3f50a835e8849cb2064af63756b687ce .av-milestone-icon.milestone-icon-hasborder{\nbackground-color:#a81010;\n}\n.avia-timeline-container.av-lq8fdg93-3f50a835e8849cb2064af63756b687ce .av-milestone-icon-inner{\nbackground-color:#a81010;\n}\n.avia-timeline-container.av-lq8fdg93-3f50a835e8849cb2064af63756b687ce .av-milestone-indicator{\nbackground-color:#a81010;\n}\n.avia-timeline-container.av-lq8fdg93-3f50a835e8849cb2064af63756b687ce .av-milestone-article-footer{\nbackground-color:#a81010;\n}\n<\/style>\n\n<style type=\"text\/css\" data-created_by=\"avia_inline_auto\" id=\"style-css-sub-av-lq8fdg93-3f50a835e8849cb2064af63756b687ce\">\n.avia-timeline-container .av-milestone.av-lq8fazi1-35bff5ff5f54ac60eee89c431d0ae180 .av-milestone-icon-inner{\nbackground-image:url(https:\/\/web-mf.eu\/peez\/wp-content\/uploads\/2023\/12\/peez-bullet-90.png);\n}\n.avia-timeline-container .av-milestone.av-lq8fbp1d-e6ec7dce54cf8e8dfee950bbc68dd783 .av-milestone-icon-inner{\nbackground-image:url(https:\/\/web-mf.eu\/peez\/wp-content\/uploads\/2023\/12\/peez-bullet-90.png);\n}\n.avia-timeline-container .av-milestone.av-lq8fcxj8-78d6a44e9e5b8ab3fa18ea5b17705d8b .av-milestone-icon-inner{\nbackground-image:url(https:\/\/web-mf.eu\/peez\/wp-content\/uploads\/2023\/12\/peez-bullet-90.png);\n}\n.avia-timeline-container .av-milestone.av-lq8g6h1a-61f1011176e64e10741d3845f3eba369 .av-milestone-icon-inner{\nbackground-image:url(https:\/\/web-mf.eu\/peez\/wp-content\/uploads\/2023\/12\/peez-bullet-90.png);\n}\n.avia-timeline-container .av-milestone.av-lq8g6h1a-4-25aa3cdcd4559cd95feed837e6a246cc .av-milestone-icon-inner{\nbackground-image:url(https:\/\/web-mf.eu\/peez\/wp-content\/uploads\/2023\/12\/peez-bullet-90.png);\n}\n.avia-timeline-container .av-milestone.av-lq8g6h1a-3-9177d0f75b7d6ed80a4adaef58064f09 .av-milestone-icon-inner{\nbackground-image:url(https:\/\/web-mf.eu\/peez\/wp-content\/uploads\/2023\/12\/peez-bullet-90.png);\n}\n.avia-timeline-container .av-milestone.av-lq8g6h1a-2-02d69ecf76dfecfbc62c1753d271ae4c .av-milestone-icon-inner{\nbackground-image:url(https:\/\/web-mf.eu\/peez\/wp-content\/uploads\/2023\/12\/peez-bullet-90.png);\n}\n.avia-timeline-container .av-milestone.av-lq8g6h1a-1-d8dc21cc51102f5cfaceace0f3bab3be .av-milestone-icon-inner{\nbackground-image:url(https:\/\/web-mf.eu\/peez\/wp-content\/uploads\/2023\/12\/peez-bullet-90.png);\n}\n<\/style>\n<div  id=\"avia-timeline-1\"  class='avia-timeline-container av-lq8fdg93-3f50a835e8849cb2064af63756b687ce av-slideshow-ui  avia-builder-el-2  el_after_av_textblock  avia-builder-el-last ' ><ul class='avia-timeline avia-timeline-vertical av-milestone-placement-alternate avia-timeline-boxshadow avia_animate_when_almost_visible avia-timeline-animate'>\n<li  class='av-milestone av-lq8fazi1-35bff5ff5f54ac60eee89c431d0ae180 av-animated-generic fade-in av-milestone-valign-baseline av-milestone-odd'><h2 class='av-milestone-date ' id='milestone-2005'><strong>2005<span class='av-milestone-indicator'><\/span><\/strong><\/h2><div class=\"av-milestone-icon-wrap\"><span class='av-milestone-icon milestone_icon milestone-icon-hasborder milestone-icon-hasborder'><span class='av-milestone-icon-inner milestone_inner'>&nbsp;<\/span><\/span><\/div><article class='av-milestone-content-wrap'><div class='av-milestone-contentbox'><header class=\"entry-content-header\"><h4 class='av-milestone-title '>Sparma\u00dfnahmen<\/h4><\/header><div class='av-milestone-content'><p>Das Bisch\u00f6fliche Ordinariat Limburg \u201e\u00fcbertr\u00e4gt\u201c die Sparma\u00dfnahmen auf die Kath. Pfarrgemeinde. Gelder werden zuk\u00fcnftig gestrichen. Das PeeZ steht zur Disposition. M\u00f6gliche Alternativen: Die KJG zieht in den Pfarrsaal um oder in das neu zu gestaltende Kath. Gemeindezentrum im Jakob-Herlth-Haus in den Jahren 2009-2015.<\/p>\n<\/div><\/div><footer class='av-milestone-article-footer entry-footer'><\/footer><\/article><\/li>\n<li  class='av-milestone av-lq8fbp1d-e6ec7dce54cf8e8dfee950bbc68dd783 av-animated-generic fade-in av-milestone-valign-baseline av-milestone-even'><h2 class='av-milestone-date ' id='milestone-2006'><strong>2006<span class='av-milestone-indicator'><\/span><\/strong><\/h2><article class='av-milestone-content-wrap'><div class='av-milestone-contentbox'><header class=\"entry-content-header\"><h4 class='av-milestone-title '>Kampf ums PeeZ<\/h4><\/header><div class='av-milestone-content'><p>Die KJG Niederbrechen ber\u00e4t und entscheidet sich f\u00fcr \u201eihr\u201c \u201ePeeZ\u201c zu k\u00e4mpfen. Sie gr\u00fcndet ein \u201ePeeZ-Erhaltungsteam\u201c mit Aussch\u00fcssen zu den Themen Finanzierung, Bau und Sanierung sowie Recht-Satzung-Versicherung.<\/p>\n<p>Es werden Fachleute zu Rate gezogen, ein Finanzierungsplan sowie ein Erhaltungskonzept erstellt. Gespr\u00e4che mit den Kath. Gemeindegremien, Gemeindevertretern der Zivilgemeinde, B\u00fcrgermeister und weiteren Fachleuten werden gef\u00fchrt.<\/p>\n<\/div><\/div><footer class='av-milestone-article-footer entry-footer'><\/footer><\/article><div class=\"av-milestone-icon-wrap\"><span class='av-milestone-icon milestone_icon milestone-icon-hasborder milestone-icon-hasborder'><span class='av-milestone-icon-inner milestone_inner'>&nbsp;<\/span><\/span><\/div><h2 class='av-milestone-date ' id='milestone-2006'><strong>2006<span class='av-milestone-indicator'><\/span><\/strong><\/h2><\/li>\n<li  class='av-milestone av-lq8fcxj8-78d6a44e9e5b8ab3fa18ea5b17705d8b av-animated-generic fade-in av-milestone-valign-baseline av-milestone-odd'><h2 class='av-milestone-date ' id='milestone-2007'><strong>2007<span class='av-milestone-indicator'><\/span><\/strong><\/h2><div class=\"av-milestone-icon-wrap\"><span class='av-milestone-icon milestone_icon milestone-icon-hasborder milestone-icon-hasborder'><span class='av-milestone-icon-inner milestone_inner'>&nbsp;<\/span><\/span><\/div><article class='av-milestone-content-wrap'><div class='av-milestone-contentbox'><header class=\"entry-content-header\"><h4 class='av-milestone-title '>Gr\u00fcndung PeeZ e.V.<\/h4><\/header><div class='av-milestone-content'><p>Am <strong>06. Mai 2007<\/strong> findet die <strong>Gr\u00fcndungsversammlung des \u201ePeeZ e.V. Niederbrechen<\/strong>\u201d im Pfarrzentrum statt. Seid dem werden weiter in den Aussch\u00fcssen an Konzepten (Finanzierung, Veranstaltungen, Geb\u00e4ude und- Bau\/Architektur) gearbeitet, Fachwissen eingeholt und Mitglieder geworben.<\/p>\n<\/div><\/div><footer class='av-milestone-article-footer entry-footer'><\/footer><\/article><\/li>\n<li  class='av-milestone av-lq8g6h1a-61f1011176e64e10741d3845f3eba369 av-animated-generic fade-in av-milestone-valign-baseline av-milestone-even'><h2 class='av-milestone-date ' id='milestone-2009'><strong>2009<span class='av-milestone-indicator'><\/span><\/strong><\/h2><article class='av-milestone-content-wrap'><div class='av-milestone-contentbox'><header class=\"entry-content-header\"><h4 class='av-milestone-title '>PeeZ e. V. und KjG<\/h4><\/header><div class='av-milestone-content'><p>Bereits seit \u00fcber 3 Jahren besch\u00e4ftigen sich KJG- und PeeZ-e.V.-Mitglieder intensiv mit M\u00f6glichkeiten das PeeZ f\u00fcr die KJG-Kinder- und Jugendarbeit zu erhalten.<\/p>\n<p>Am <strong>28.04.2009<\/strong> veranstaltet der PeeZ e.V. im PeeZ ein B\u00fcrgerforum mit Podiumsg\u00e4sten (B\u00fcrgermeister, Pfarrer, Vertreter des BO, KjG-Leitungsteamer, PeeZ-Vorstand und Moderator) um dem Ansinnen das PeeZ zu erhalten Nachdruck zu verleihen und B\u00fcrgern den Informationsaustausch und eine Meinungsplattform zu bieten. Die \u00fcber 1120 gesammelten Unterschriften f\u00fcr den Erhalt des Jugendzentrums werden im reichlich gef\u00fcllten PeeZ den Vertretern der Kirche \u00fcberreicht.<\/p>\n<p>Bei der JHV 2009 der KjG unternimmt der Pfarrer und der Verwaltungsrat der Kath. Kirchengemeinde den Versuch die KjG in den renovierungsbed\u00fcrftigen Pfarrsaal \u201eumzusiedeln\u201d, was die KjG mit gro\u00dfer Mehrheit ablehnt.<\/p>\n<p><strong> Die Vereinsf\u00fchrung des PeeZ e.V.<\/strong> gibt nicht auf und <strong>erw\u00e4gt den Kauf des PeeZ<\/strong> von der Kirchengemeinde Niederbrechen, nachdem das Modell der Erbpacht abgelehnt wurde. Es folgen intensive Gremiengespr\u00e4che bei denen der PeeZ e.V.-Vorstand beharrlich L\u00f6sungswege und Konzepte zur Umsetzung vorstellt. Durch die Finanzierungszusage der Zivilgemeinde Brechen unter der Zusage des finanziellen Entgegenkommens der Kath. Pfarrgemeinde und dann der Bef\u00fcrwortung des Verkaufs an den PeeZ e.V. durch das Bisch\u00f6fliche Ordinariat Limburg besteht nun die Kaufm\u00f6glichkeit des PeeZ durch den PeeZ-Verein. Nun m\u00fcssen die geb\u00e4udespezifischen Auflagen des Kreisbauamtes Limburg noch erf\u00fcllt, die Finanzierungsfragen im Einzelnen gekl\u00e4rt werden und die Verkaufsverhandlungen k\u00f6nnen beginnen.<\/p>\n<\/div><\/div><footer class='av-milestone-article-footer entry-footer'><\/footer><\/article><div class=\"av-milestone-icon-wrap\"><span class='av-milestone-icon milestone_icon milestone-icon-hasborder milestone-icon-hasborder'><span class='av-milestone-icon-inner milestone_inner'>&nbsp;<\/span><\/span><\/div><h2 class='av-milestone-date ' id='milestone-2009'><strong>2009<span class='av-milestone-indicator'><\/span><\/strong><\/h2><\/li>\n<li  class='av-milestone av-lq8g6h1a-4-25aa3cdcd4559cd95feed837e6a246cc av-animated-generic fade-in av-milestone-valign-baseline av-milestone-odd'><h2 class='av-milestone-date ' id='milestone-2010'><strong>2010<span class='av-milestone-indicator'><\/span><\/strong><\/h2><div class=\"av-milestone-icon-wrap\"><span class='av-milestone-icon milestone_icon milestone-icon-hasborder milestone-icon-hasborder'><span class='av-milestone-icon-inner milestone_inner'>&nbsp;<\/span><\/span><\/div><article class='av-milestone-content-wrap'><div class='av-milestone-contentbox'><header class=\"entry-content-header\"><h4 class='av-milestone-title '>Brandschutzkonzept &amp; Kostenplan<\/h4><\/header><div class='av-milestone-content'><p>Der PeeZ e.V. l\u00e4sst ein umfassendes Brandschutzkonzept und einen Kostenplan f\u00fcr die anstehenden notwendigen baulichen Ver\u00e4nderungen erstellen. Ein erster Kaufvertragsentwurf wird angefertigt, juristisch gepr\u00fcft und besprochen. Die JHV des PeeZ e.V. stimmt dem Kaufvertrag im Grunde zu, unter Ber\u00fccksichtigung diverser formaler Korrekturen und Sicherstellung der Finanzierung. Die Vertragskorrekturbesprechungen und Finanzierungsaufteilungen dauern bis zum Beginn des Jahres 2011.<\/p>\n<\/div><\/div><footer class='av-milestone-article-footer entry-footer'><\/footer><\/article><\/li>\n<li  class='av-milestone av-lq8g6h1a-3-9177d0f75b7d6ed80a4adaef58064f09 av-animated-generic fade-in av-milestone-valign-baseline av-milestone-even'><h2 class='av-milestone-date ' id='milestone-2011'><strong>2011<span class='av-milestone-indicator'><\/span><\/strong><\/h2><article class='av-milestone-content-wrap'><div class='av-milestone-contentbox'><header class=\"entry-content-header\"><h4 class='av-milestone-title '>Kaufvertrag<\/h4><\/header><div class='av-milestone-content'><p>Die finalen Kaufvertragsgespr\u00e4che und deren Einigung drohen an der Finanzierung der auf 30.000 EUR gesch\u00e4tzten Umsetzungsma\u00dfnahmen des Brandschutzes zu scheitern. Weitere intensive Gespr\u00e4che f\u00fchren zur Einigung und der <strong>Kaufvertrag wird am 06.05.2011 um 14.30 Uhr rechtsverbindlich unterzeichnet<\/strong>. Es folgen Grundst\u00fcckstrennung, Grundbucheintragungen und Geb\u00e4udetrennung vom Pfarrsaal und Kindergarten.<\/p>\n<p>Im Juni bereits beginnen die Umbauarbeiten aufgrund des Brandschutzes und die Installation des neuen Heizungsraumes mit eigener Heizungsanlage. Es enstehen Mauerdurchbr\u00fcche bei den R\u00e4umen 3 und 4 sowie im Clubraum. Neue Fenster und T\u00fcren werden installiert, die Elektrik \u00fcberarbeitet, gemauert, verputzt, geschliffen, gestrichen, geflie\u00dft, gepflastert, die Sanit\u00e4rr\u00e4ume erneuert und Hausputz gehalten..<\/p>\n<p>In den knappen 6 Monaten k\u00f6nnen die PeeZ-Mitglieder unter viel Eigenleistung die Arbeiten bis zur Wiedereinweihungsfeier am 05.11.2011 abschlie\u00dfen.<\/p>\n<\/div><\/div><footer class='av-milestone-article-footer entry-footer'><\/footer><\/article><div class=\"av-milestone-icon-wrap\"><span class='av-milestone-icon milestone_icon milestone-icon-hasborder milestone-icon-hasborder'><span class='av-milestone-icon-inner milestone_inner'>&nbsp;<\/span><\/span><\/div><h2 class='av-milestone-date ' id='milestone-2011'><strong>2011<span class='av-milestone-indicator'><\/span><\/strong><\/h2><\/li>\n<li  class='av-milestone av-lq8g6h1a-2-02d69ecf76dfecfbc62c1753d271ae4c av-animated-generic fade-in av-milestone-valign-baseline av-milestone-odd'><h2 class='av-milestone-date ' id='milestone-2012'><strong>2012<span class='av-milestone-indicator'><\/span><\/strong><\/h2><div class=\"av-milestone-icon-wrap\"><span class='av-milestone-icon milestone_icon milestone-icon-hasborder milestone-icon-hasborder'><span class='av-milestone-icon-inner milestone_inner'>&nbsp;<\/span><\/span><\/div><article class='av-milestone-content-wrap'><div class='av-milestone-contentbox'><header class=\"entry-content-header\"><h4 class='av-milestone-title '>Ein Jahr Eigent\u00fcmer<\/h4><\/header><div class='av-milestone-content'><p>Das erste komplette Jahr als Eigent\u00fcmer gilt es zu bew\u00e4ltigen und das vorbereitete Konzept geht wie geplant auf. Die KjG nutzt das Jugendzentrum in vollem Umfang sowie Einzelgruppen wie Spielkreis, Lerngruppen, Musikband, Tanzgruppen und Privatbuchungen f\u00fcllen die R\u00e4umlichkeiten mit Leben. Die Ausgaben und Unterhaltungskosten wie z.B.: Strom, Wasser, Heizung, M\u00fcll, Versicherungen k\u00f6nnen durch die Einnahmen der Mitgliedsbeitr\u00e4ge, Spenden und Vermietungen gedeckt werden.<\/p>\n<p>Das Bauteam des PeeZ e.V. ist immer aktiv z.B.: Schleifen und Streichen der Holzfensterrahmen, Instandhaltung der Heizungssysteme, T\u00fcren und Bestuhlung, Parkettbodenpflege, Sanit\u00e4rbereich und die umfangreiche Aussenanlage.<\/p>\n<\/div><\/div><footer class='av-milestone-article-footer entry-footer'><\/footer><\/article><\/li>\n<li  class='av-milestone av-lq8g6h1a-1-d8dc21cc51102f5cfaceace0f3bab3be av-animated-generic fade-in av-milestone-valign-baseline av-milestone-even'><h2 class='av-milestone-date ' id='milestone-2013'><strong>2013<span class='av-milestone-indicator'><\/span><\/strong><\/h2><article class='av-milestone-content-wrap'><div class='av-milestone-contentbox'><header class=\"entry-content-header\"><h4 class='av-milestone-title '>Diverse Modernisierungen<\/h4><\/header><div class='av-milestone-content'><p>Es gilt nach einem kalten Winter wieder Instandhaltungsarbeiten aufzunehmen. Dauerprojekte wie der Parkettboden, T\u00fcren und Fenster, Fassadenarbeiten sind im Standardfokus des Bauteams. Besondere f\u00fcr 2013 geplante Ma\u00dfnahmen sind die neue Einrichtung der K\u00fcche und die komplette Erneuerung der Grill- und Sitzecke im Aussenbereich hinter dem Clubraum.<\/p>\n<\/div><\/div><footer class='av-milestone-article-footer entry-footer'><\/footer><\/article><div class=\"av-milestone-icon-wrap\"><span class='av-milestone-icon milestone_icon milestone-icon-hasborder milestone-icon-hasborder'><span class='av-milestone-icon-inner milestone_inner'>&nbsp;<\/span><\/span><\/div><h2 class='av-milestone-date ' id='milestone-2013'><strong>2013<span class='av-milestone-indicator'><\/span><\/strong><\/h2><\/li>\n<\/ul><\/div><\/p><\/div>\n","protected":false},"excerpt":{"rendered":"","protected":false},"author":1,"featured_media":0,"parent":0,"menu_order":0,"comment_status":"closed","ping_status":"closed","template":"","meta":{"footnotes":""},"class_list":["post-291","page","type-page","status-publish","hentry"],"_links":{"self":[{"href":"https:\/\/web-mf.eu\/peez\/wp-json\/wp\/v2\/pages\/291","targetHints":{"allow":["GET"]}}],"collection":[{"href":"https:\/\/web-mf.eu\/peez\/wp-json\/wp\/v2\/pages"}],"about":[{"href":"https:\/\/web-mf.eu\/peez\/wp-json\/wp\/v2\/types\/page"}],"author":[{"embeddable":true,"href":"https:\/\/web-mf.eu\/peez\/wp-json\/wp\/v2\/users\/1"}],"replies":[{"embeddable":true,"href":"https:\/\/web-mf.eu\/peez\/wp-json\/wp\/v2\/comments?post=291"}],"version-history":[{"count":16,"href":"https:\/\/web-mf.eu\/peez\/wp-json\/wp\/v2\/pages\/291\/revisions"}],"predecessor-version":[{"id":357,"href":"https:\/\/web-mf.eu\/peez\/wp-json\/wp\/v2\/pages\/291\/revisions\/357"}],"wp:attachment":[{"href":"https:\/\/web-mf.eu\/peez\/wp-json\/wp\/v2\/media?parent=291"}],"curies":[{"name":"wp","href":"https:\/\/api.w.org\/{rel}","templated":true}]}}